 common divisor of 65 and 18395.
65
Calculate the greatest common divisor of 29308 and 862.
862
What is the greatest common divisor of 805 and 52486?
161
What is the highest common factor of 6538223 and 19?
19
What is the highest common divisor of 7300 and 260?
20
What is the greatest common factor of 654482 and 458?
458
Calculate the highest common factor of 125 and 32100.
25
What is the highest common factor of 187 and 209?
11
Calculate the highest common divisor of 14973 and 63.
21
What is the greatest common factor of 990 and 4071375?
495
What is the highest common divisor of 3648 and 21312?
192
Calculate the greatest common divisor of 34421846 and 46.
46
What is the greatest common factor of 3614184 and 630?
126
Calculate the greatest common divisor of 4 and 254404.
4
What is the highest common divisor of 532 and 4982446?
266
Calculate the highest common factor of 204225 and 1950.
75
What is the greatest common divisor of 1326 and 2766699?
663
Calculate the highest common divisor of 1528574 and 1902.
634
Calculate the greatest common divisor of 49 and 222754.
49
Calculate the greatest common divisor of 1446384 and 48.
48
What is the highest common divisor of 1645 and 59549?
329
What is the highest common divisor of 1605756 and 12?
12
Calculate the highest common divisor of 24 and 7494.
6
Calculate the highest common factor of 33 and 106568.
11
What is the greatest common factor of 1520 and 138640?
80
What is the greatest common factor of 77 and 292292?
77
What is the greatest common divisor of 800 and 992?
32
Calculate the greatest common factor of 1010 and 4250.
10
What is the greatest common factor of 304951 and 934?
467
What is the highest common divisor of 10197 and 1584?
99
What is the greatest common divisor of 11308 and 337184?
1028
Calculate the highest common factor of 6400 and 20096.
128
Calculate the highest common factor of 3555 and 10755.
45
Calculate the highest common factor of 3111 and 2989.
61
Calculate the highest common divisor of 236 and 5008864.
236
What is the greatest common factor of 11232 and 265248?
864
What is the highest common divisor of 2053682 and 1004?
502
Calculate the greatest common divisor of 6972 and 261948.
996
Calculate the highest common factor of 6996 and 96.
12
What is the greatest common divisor of 96 and 83568?
48
Calculate the greatest common factor of 20075 and 165.
55
What is the highest common divisor of 315 and 38920?
35
What is the greatest common factor of 400 and 123320?
40
What is the highest common divisor of 25196 and 16?
4
What is the highest common factor of 206109 and 45?
9
Calculate the greatest common divisor of 18816 and 38514.
294
Calculate the greatest common divisor of 24648 and 728.
104
Calculate the greatest common divisor of 30 and 54160.
10
What is the highest common factor of 30 and 38355?
15
Calculate the greatest common divisor of 564 and 1018443.
141
Calculate the highest common factor of 15 and 2153055.
15
What is the greatest common divisor of 324 and 2932?
4
What is the highest common divisor of 210 and 902910?
30
What is the highest common factor of 995772 and 12?
12
Calculate the highest common factor of 6013546 and 374.
374
What is the greatest common divisor of 672 and 47200?
32
What is the highest common divisor of 52 and 628?
4
What is the greatest common factor of 272 and 216716?
68
What is the highest common factor of 2375 and 4375?
125
What is the greatest common divisor of 11560688 and 82?
82
Calculate the greatest common divisor of 4160 and 3280.
80
Calculate the highest common factor of 91 and 1594723.
13
Calculate the highest common factor of 1430240 and 2240.
1120
What is the greatest common factor of 1280 and 62464?
256
Calculate the highest common divisor of 564 and 2810788.
188
What is the highest common factor of 3 and 4366?
1
Calculate the greatest common factor of 53025 and 2625.
525
Calculate the highest common factor of 65 and 279305.
65
What is the greatest common factor of 840 and 1078?
14
Calculate the highest common factor of 8308 and 10106.
62
What is the highest common divisor of 2576 and 2416?
16
Calculate the highest common factor of 50396 and 172.
172
Calculate the highest common divisor of 192 and 491840.
64
Calculate the greatest common factor of 80645 and 5842.
127
Calculate the greatest common divisor of 984 and 1202694.
246
Calculate the highest common divisor of 796 and 214522.
398
Calculate the highest common factor of 9093 and 104353.
433
What is the highest common factor of 1072560 and 280?
40
What is the highest common divisor of 385 and 9520?
35
What is the highest common divisor of 2163 and 2079?
21
What is the greatest common factor of 216635 and 555?
185
What is the greatest common divisor of 36245 and 15?
5
Calculate the greatest common divisor of 50473 and 17.
17
Calculate the highest common divisor of 54957 and 112.
7
What is the highest common factor of 270264 and 288?
24
Calculate the highest common factor of 231 and 52668.
231
What is the highest common factor of 160790 and 70?
70
Calculate the greatest common divisor of 86887 and 204.
17
What is the greatest common factor of 1965 and 735?
15
What is the greatest common factor of 100653 and 21?
21
Calculate the greatest common divisor of 34074 and 16.
2
What is the greatest common divisor of 16 and 19920?
16
What is the greatest common divisor of 268524 and 288?
36
Calculate the highest common divisor of 725 and 133255.
145
Calculate the highest common factor of 22 and 202994.
22
What is the highest common factor of 242480 and 10?
10
What is the greatest common factor of 522 and 177219?
261
Calculate the greatest common divisor of 3388 and 16.
4
What is the highest common divisor of 641728 and 3794?
542
What is the greatest common factor of 11495 and 38?
19
Calculate the greatest common factor of 1424 and 144091.
89
Calculate the highest common factor of 20 and 1877860.
20
What is the greatest common divisor of 297 and 44?
11
What is the highest common factor of 131525 and 25?
25
What is the highest common divisor of 1685 and 472811?
337
What is the highest common divisor of 4840 and 2040?
40
Calculate the greatest common factor of 81664 and 290.
58
Calculate the highest common divisor of 64 and 694952.
8
What is the highest common factor of 247770 and 10?
10
What is the highest common divisor of 767 and 18231?
59
Calculate the greatest common divisor of 5086 and 26.
2
What is the highest common factor of 32232 and 391?
17
What is the greatest common divisor of 3720 and 47895?
465
Calculate the highest common divisor of 459 and 3051.
27
What is the greatest common divisor of 485712 and 144?
144
What is the highest common factor of 336351 and 9979?
587
Calculate the highest common factor of 9 and 123129.
9
Calculate the greatest common divisor of 47 and 947.
1
What is the highest common factor of 709773 and 1751?
103
What is the greatest common divisor of 5 and 19535?
5
What is the greatest common divisor of 2412 and 34326?
18
Calculate the highest common divisor of 3610 and 172330.
190
Calculate the greatest common factor of 2312 and 10115.
289
What is the greatest common divisor of 1240 and 53630?
310
What is the greatest common divisor of 2623 and 61?
61
What is the highest common factor of 396638 and 198?
22
What is the greatest common divisor of 148290 and 45?
15
What is the greatest common factor of 11752 and 13786?
226
Calculate the highest common factor of 5978 and 196.
98
Calculate the greatest common factor of 10 and 51.
1
Calculate the greatest common divisor of 1105 and 1417.
13
Calculate the greatest common divisor of 400 and 265725.
25
Calculate the greatest common factor of 18525 and 5073.
57
What is the greatest common divisor of 316 and 344?
4
What is the greatest common divisor of 798270 and 410?
410
What is the greatest common factor of 344 and 6872?
8
Calculate the highest common divisor of 30 and 165408.
6
Calculate the greatest common divisor of 860 and 14540.
20
What is the highest common factor of 559574 and 106?
106
Calculate the highest common divisor of 2430 and 486.
486
What is the greatest common factor of 642 and 2515356?
642
Calculate the highest common factor of 12441 and 3509.
319
What is the greatest common factor of 31215 and 